the prime factors of 5433?
3, 1811
List the prime factors of 5389.
17, 317
List the prime factors of 34199.
11, 3109
List the prime factors of 1802.
2, 17, 53
What are the prime factors of 47022?
2, 3, 17, 461
What are the prime factors of 35986?
2, 19, 947
List the prime factors of 118850.
2, 5, 2377
What are the prime factors of 11767?
7, 41
List the prime factors of 38769.
3, 12923
What are the prime factors of 677?
677
What are the prime factors of 491?
491
List the prime factors of 2956.
2, 739
What are the prime factors of 2095?
5, 419
What are the prime factors of 34044?
2, 3, 2837
What are the prime factors of 7524?
2, 3, 11, 19
List the prime factors of 50924.
2, 29, 439
What are the prime factors of 6268?
2, 1567
List the prime factors of 204.
2, 3, 17
What are the prime factors of 13275?
3, 5, 59
List the prime factors of 106.
2, 53
List the prime factors of 311.
311
What are the prime factors of 3661?
7, 523
List the prime factors of 286.
2, 11, 13
What are the prime factors of 2154?
2, 3, 359
List the prime factors of 85820.
2, 5, 7, 613
What are the prime factors of 29568?
2, 3, 7, 11
List the prime factors of 608.
2, 19
List the prime factors of 37988.
2, 9497
What are the prime factors of 96?
2, 3
What are the prime factors of 9232?
2, 577
List the prime factors of 71678.
2, 35839
List the prime factors of 19324.
2, 4831
List the prime factors of 1866.
2, 3, 311
List the prime factors of 86306.
2, 11, 3923
What are the prime factors of 2823?
3, 941
What are the prime factors of 5919?
3, 1973
What are the prime factors of 552?
2, 3, 23
What are the prime factors of 778?
2, 389
List the prime factors of 46438.
2, 7, 31, 107
What are the prime factors of 6?
2, 3
List the prime factors of 4125.
3, 5, 11
List the prime factors of 19141.
19141
What are the prime factors of 51702?
2, 3, 7, 1231
What are the prime factors of 3703?
7, 23
List the prime factors of 8637.
3, 2879
List the prime factors of 56523.
3, 83, 227
List the prime factors of 5004.
2, 3, 139
What are the prime factors of 5467?
7, 11, 71
List the prime factors of 843.
3, 281
List the prime factors of 16899.
3, 43, 131
List the prime factors of 113116.
2, 28279
List the prime factors of 7447.
11, 677
List the prime factors of 61685.
5, 13, 73
List the prime factors of 9650.
2, 5, 193
What are the prime factors of 33582?
2, 3, 29, 193
List the prime factors of 103829.
11, 9439
What are the prime factors of 17884?
2, 17, 263
List the prime factors of 50726.
2, 13, 1951
List the prime factors of 726.
2, 3, 11
What are the prime factors of 16379?
11, 1489
List the prime factors of 794.
2, 397
List the prime factors of 36322.
2, 11, 13, 127
What are the prime factors of 109094?
2, 54547
What are the prime factors of 1615?
5, 17, 19
What are the prime factors of 7287?
3, 7, 347
List the prime factors of 1590.
2, 3, 5, 53
List the prime factors of 1228.
2, 307
List the prime factors of 2726.
2, 29, 47
What are the prime factors of 2176?
2, 17
What are the prime factors of 15809?
15809
List the prime factors of 1486.
2, 743
List the prime factors of 112806.
2, 3, 2089
What are the prime factors of 1638?
2, 3, 7, 13
What are the prime factors of 98903?
7, 71, 199
What are the prime factors of 1631?
7, 233
What are the prime factors of 688?
2, 43
What are the prime factors of 27159?
3, 11, 823
List the prime factors of 37730.
2, 5, 7, 11
List the prime factors of 21011.
21011
List the prime factors of 115742.
2, 11, 5261
What are the prime factors of 2668?
2, 23, 29
List the prime factors of 38521.
7, 5503
What are the prime factors of 1194?
2, 3, 199
What are the prime factors of 7264?
2, 227
What are the prime factors of 33308?
2, 11, 757
List the prime factors of 34855.
5, 6971
What are the prime factors of 380?
2, 5, 19
What are the prime factors of 2684?
2, 11, 61
List the prime factors of 12755.
5, 2551
List the prime factors of 25234.
2, 11, 31, 37
List the prime factors of 90393.
3, 29, 1039
List the prime factors of 350.
2, 5, 7
What are the prime factors of 13699?
7, 19, 103
What are the prime factors of 5008?
2, 313
What are the prime factors of 4166?
2, 2083
List the prime factors of 137868.
2, 3, 11489
List the prime factors of 32025.
3, 5, 7, 61
What are the prime factors of 512?
2
What are the prime factors of 142340?
2, 5, 11, 647
What are the prime factors of 33786?
2, 3, 1877
List the prime factors of 1929.
3, 643
What are the prime factors of 10726?
2, 31, 173
What are the prime factors of 105258?
2, 3, 53, 331
List the prime factors of 109.
109
What are the prime factors of 12772?
2, 31, 103
What are the prime factors of 45715?
5, 41, 223
List the prime factors of 3944.
2, 17, 29
What are the prime factors of 2737?
7, 17, 23
What are the prime factors of 62018?
2, 11, 2819
List the prime factors of 15105.
3, 5, 19, 53
List the prime factors of 3220.
2, 5, 7, 23
What are the prime factors of 1659?
3, 7, 79
List the prime factors of 5967.
3, 13, 17
What are the prime factors of 15177?
3, 5059
List the prime factors of 1080.
2, 3, 5
List the prime factors of 2429.
7, 347
What are the prime factors of 808?
2, 101
List the prime factors of 2146.
2, 29, 37
List the prime factors of 8265.
3, 5, 19, 29
What are the prime factors of 12936?
2, 3, 7, 11
List the prime factors of 4570.
2, 5, 457
What are the prime factors of 16209?
3, 1801
List the prime factors of 56023.
11, 463
List the prime factors of 977.
977
List the prime factors of 48938.
2, 24469
What are the prime factors of 3490?
2, 5, 349
What are the prime factors of 5505?
3, 5, 367
List the prime factors of 45544.
2, 5693
List the prime factors of 28543.
17, 23, 73
What are the prime factors of 92876?
2, 7, 31, 107
List the prime factors of 199.
199
List the prime factors of 1321.
1321
List the prime factors of 15993.
3, 1777
List the prime factors of 5478.
2, 3, 11, 83
What are the prime factors of 789?
3, 263
What are the prime factors of 7147?
7, 1021
List the prime factors of 7960.
2, 5, 199
List the prime factors of 6233.
23, 271
What are the prime factors of 4545?
3, 5, 101
List the prime factors of 20734.
2, 7, 1481
List the prime factors of 2552.
2, 11, 29
What are the prime factors of 8333?
13, 641
What are the prime factors of 2639?
7, 13, 29
List the prime factors of 16877.
7, 2411
What are the prime factors of 1478?
2, 739
What are the prime factors of 3871?
7, 79
What are the prime factors of 35239?
131, 269
What are the prime factors of 540?
2, 3, 5
What are the prime factors of 3774?
2, 3, 17, 37
What are the prime factors of 62018?
2, 11, 2819
What are the prime factors of 1684?
2, 421
What are the prime factors of 15484?
2, 7, 79
What are the prime factors of 8151?
3, 11, 13, 19
What are the prime factors of 45169?
17, 2657
List the prime factors of 132244.
2, 7, 4723
List the prime factors of 16364.
2, 4091
List the prime factors of 669.
3, 223
What are the prime factors of 71563?
71563
What are the prime factors of 21495?
3, 5, 1433
List the prime factors of 1386.
2, 3, 7, 11
List the prime factors of 11686.
2, 5843
What are the prime factors of 5454?
2, 3, 101
What are the prime factors of 9487?
53, 179
List the prime factors of 31448.
2, 3931
List the prime factors of 508.
2, 127
List the prime factors of 41874.
2, 3, 7, 997
List the prime factors of 3423.
3, 7, 163
List the prime factors of 5031.
3, 13, 43
List the prime factors of 3331.
3331
What are the prime factors of 7583?
7583
List the prime factors of 754.
2, 13, 29
List the prime factors of 4323.
3, 11, 131
List the prime factors of 24.
2, 3
What are the prime factors of 23041?
23041
List the prime factors of 27329.
27329
What are the prime factors of 2752?
2, 43
List the prime factors of 4921.
7, 19, 37
List the prime factors of 358.
2, 179
What are the prime factors of 57013?
11, 71, 73
What are the prime factors of 45891?
3, 5099
List the prime factors of 6456.
2, 3, 269
List the prime factors of 27169.
101, 269
What are the prime factors of 11558?
2, 5779
List the prime factors of 10076.
2, 11, 229
What are the prime factors of 1493?
1493
List the prime factors of 1305.
3, 5, 29
List the prime factors of 21285.
3, 5, 11, 43
List the prime factors of 43949.
71, 619
What are the prime factors of 25096?
2, 3137
What are t